u - n = -20 + 100. Suppose -2*d = u*d - 71459. Is d prime?
True
Let v = -16436 - -23719. Is v a composite number?
False
Suppose 13 - 6 = l. Suppose -6001 + 2424 = -l*w. Is w composite?
True
Let x(v) = v**3 - 15*v**2 - v + 18. Let d be x(15). Suppose 4*p = -2*w + 958, -4*w - w + d*p = -2460. Is w a prime number?
False
Suppose 2*h - o = -11, -6 = -4*o + 14. Let z be h/12*2*-10. Suppose -209 + 563 = 3*y - 3*g, -362 = -3*y - z*g. Is y a prime number?
False
Is (-1 + (-68 - 5))/((-4)/106) composite?
True
Let a be 25/20 - (-3)/4. Suppose -3*v + 4 = a*v + 2*q, -4*q = 4*v + 4. Is (v - 3)/((-5)/95) a composite number?
False
Suppose 32750 + 20328 = 2*s. Is s a prime number?
True
Suppose -37*r + 40*r - 5*a = 111316, 2*r - 74184 = -2*a. Is r prime?
True
Suppose c - 5*m - 571 = 0, -2*c + m + 694 = -448. Is c composite?
False
Suppose 0 = -2*h + 4812 + 6. Suppose 0 = -6*n + h + 285. Is n prime?
True
Is (-2 + -9)*4*3263/(-52) a prime number?
False
Let p = 980 - 607. Is p prime?
True
Suppose a + 18 = 4*z, 4*a = -0 - 8. Let y be (-8)/(-28) - 4/14. Is -2*(y - 382/z) a composite number?
False
Let q = 524 + 243. Suppose -q = 2*k - 3*k. Is k a prime number?
False
Let d = 5 + 2. Let w = d - 2. Suppose 121 = -w*r + 756. Is r a prime number?
True
Let r be 3/12 - (-7)/4. Let p(j) be the third derivative of 4*j**5/5 - j**4/8 + j**3/6 - 21*j**2. Is p(r) composite?
True
Let b(l) be the third derivative of l**4/3 + l**3/2 + 10*l**2. Is b(8) a composite number?
False
Let s(r) = 535*r**2 + 8*r - 9. Let k be s(5). Suppose -10*n = -k - 284. Is n composite?
True
Let n = -14 - -16. Suppose -n*j + 1162 = -834. Suppose -2*r = -4*r + j. Is r a composite number?
False
Let h = -3866 + 6893. Is h a prime number?
False
Let f be -6*1*(-14)/21. Suppose -3*o + 4*m + 578 = 0, -f*m = 2*o + 2*o - 808. Suppose o + 97 = 5*p. Is p prime?
True
Let v = -684 + 977. Is v a composite number?
False
Let s(y) = -3*y**2 - 8*y + 3. Let i(o) = -4*o**2 - 7*o + 2. Let v(p) = 3*i(p) - 2*s(p). Let g be v(-7). Let l = -170 - g. Is l composite?
False
Let l be (-5 - (-6 + -2))/((-6)/(-152)). Suppose -11*m - l = -15*m. Is m composite?
False
Let t = -6742 - -9515. Is t prime?
False
Let h(w) = -w - 2. Let y be h(0). Is (2/y)/(2/(-434)) a prime number?
False
Let s be ((-84)/(-16))/7 - (-3578)/8. Suppose 5*q - 2*l - 6300 = 0, -l + 519 = q - 741. Suppose q = 4*c + s. Is c a prime number?
False
Suppose -w = -0*w - 443. Let b = w + -308. Let f = b + 384. Is f prime?
False
Is -1*(-1)/(-4) + (-42390)/(-24) a composite number?
True
Suppose -u + 2*x + 24733 = 0, -5*x - 24727 = -0*u - u. Is u composite?
True
Suppose -5*d + 0*d = 0. Let o be 4/3*(d + 9). Is (-8)/o*603/(-6) a prime number?
True
Suppose 19*q - 4365894 = -59*q. Is q a prime number?
False
Suppose 16127 = -5*n - 3*d, 3*n - 4806 + 14483 = -d. Let q = -2139 - n. Is q composite?
False
Let o = 6 - -12. Suppose 0*d = -2*d + 5*v + o, -3*d + 20 = -4*v. Suppose 53 = d*f - 71. Is f a composite number?
False
Suppose 2*s - 932 = 348. Let g = s + -1254. Let k = -357 - g. Is k prime?
True
Let u = 34847 + -7968. Is u composite?
False
Let p = -5197 - -8510. Is p composite?
False
Let v be 106/6 + 4/(-6). Let a = 18 - v. Is 24 + 2 + a + -1 a composite number?
True
Let u = 2387 - 184. Is u a prime number?
True
Suppose -7*v = 2343 - 6823. Let y = 59 + v. Is y a prime number?
False
Let a(m) = -648*m + 76. Let p(i) = -216*i + 25. Let j(n) = 4*a(n) - 11*p(n). Is j(-8) a composite number?
True
Is ((-5435)/4)/(-22 - (-174)/8) prime?
False
Let h be (-2)/4 + 29610/20. Let l = h + -1000. Let o = 811 - l. Is o a composite number?
False
Let g be (-8)/44 + (-277)/(-11). Let d = g - 27. Let u(h) = -24*h + 5. Is u(d) a prime number?
True
Let h(u) be the first derivative of -4*u**3/3 + 3*u**2/2 - 8*u + 5. Let k be h(7). Let l = 54 - k. Is l composite?
True
Suppose -1345 = -3*m + 5*h, -59 - 1686 = -4*m - 3*h. Let f = 117 - -118. Let u = m - f. Is u a prime number?
False
Suppose -v = 55 + 292. Let u be v - (5 + 2 + -3). Let b = -146 - u. Is b a prime number?
False
Suppose -346982 = -4*o + 5*i + 166262, -4*o - 5*i = -513244. Is o composite?
False
Suppose 4*x - 27 + 7 = 0. Suppose 3*c + h - 2429 = -h, 5 = x*h. Is c prime?
True
Suppose b + 5*j - 425 = -19, -4*b + 1699 = -5*j. Suppose 0 = 5*q - 494 - b. Is q a composite number?
True
Let r(o) = -o + 11. Let d be r(6). Is (-1 + -388)/(d/(-5)) a prime number?
True
Suppose -29 = -7*l + 62. Let t = l + -11. Is 9/t*98/21 a composite number?
True
Let p(t) = -t**3 + 10*t**2 + 9*t + 15. Let i be (-33)/(-3) + -2 + 2. Let b be p(i). Is (158/4)/(b/(-14)) composite?
False
Suppose 4*b + 3*m = -33, b = m - 3 - 0. Is b/21 - 5664/(-28) a composite number?
True
Let g = 82956 - 36383. Is g a prime number?
True
Let l = -30145 + 44310. Is l composite?
True
Let n(m) = -79*m + 2. Let y(p) = -p**3 + 9*p**2 + p - 11. Let a be y(9). Let z be 0 + (3 - (-12)/a). Is n(z) composite?
False
Let c be ((-9)/(-15))/((-4)/(-20)). Let r(d) = -25 + d + 3*d**2 + 0*d**3 + 21 - d**c. Is r(-3) a composite number?
False
Let f(n) = n + 1. Let s be f(2). Suppose -8 = -s*a + 22. Suppose -5*t - 590 = -a*t. Is t prime?
False
Suppose 2 = b - 0. Suppose b*m = -3*m. Suppose 0 = 5*l - f - 1178, -f - 2*f - 9 = m. Is l a prime number?
False
Is (26 + -25)/((-1)/(-269)) a prime number?
True
Let m(o) = o. Let h(w) = -3*w + 159. Let z(n) = h(n) + m(n). Let q be z(0). Suppose -2*s - q = -5*s. Is s a prime number?
True
Let v(q) = 47*q + 44*q - 17 - 4. Is v(8) a composite number?
True
Let b be 2/(-4)*(2 + 2). Is 0 - (1 + -50 - b) a composite number?
False
Is (-4 + 7)/((-12)/(-8404)) a composite number?
True
Let r(k) = -7*k - 3. Let x be r(-2). Let j(b) = 5*b**3 - 18*b**2 + 9*b + 1. Let h(v) = -9*v**3 + 35*v**2 - 17*v - 1. Let m(t) = x*j(t) + 6*h(t). Is m(-6) prime?
True
Suppose b - 38599 = 5*d, 100*b - 2*d = 98*b + 77166. Is b a prime number?
False
Let a = 22 + -45. Is a/(-4 - 38/(-10)) composite?
True
Let x(t) be the first derivative of 13*t**4/4 + t**3 - 5*t**2/2 + 16*t - 16. Is x(3) a composite number?
False
Suppose 2*o = -8, -20 = 4*z + 3*o - 0*o. Let v = 0 - z. Let c(q) = 53*q**2 - 1. Is c(v) composite?
False
Let h(v) = -2*v**2 + 2*v - 3896. Let b(q) = -5*q**2 + 4*q - 7791. Let z(o) = 3*b(o) - 7*h(o). Is z(0) composite?
True
Suppose 3*x = 2*x + 2825. Let c = x + -1743. Suppose -2*w = -0*w - c. Is w a prime number?
True
Suppose -3*g = -4*s + 21, 0*s + 15 = 4*s - g. Suppose s*o - 1382 = 2*r, 5*o + 2*r + 217 = 2547. Suppose -5*b + o = -321. Is b prime?
True
Suppose 0 = 10*w - v - 477375, 3*w - 4*v - 143201 = -6*v. Is w prime?
True
Let r(q) be the third derivative of -q**4/24 - 3*q**3/2 - q**2. Let v be r(-11). Suppose -v*a = 4*a - 2370. Is a composite?
True
Let t = 19 + -18. Is (5878*(-4)/(-8))/t a composite number?
False
Let o = 997 - -842. Is o a prime number?
False
Let p(k) = 17*k**2 + 2*k - 3*k + 11 - 15*k**2. Is p(14) prime?
True
Let x(r) = r**2 - 7*r + 4. Let w be x(7). Suppose 0 = -3*i + b - 375, 3*i - b - w*b = -387. Let s = i + 213. Is s a composite number?
False
Let k = 343 - -478. Is k a composite number?
False
Let q be -2 + -1 - (-2 + -1). Suppose q = -f - 39 + 92. Is f a prime number?
True
Let g = -34 - -44. Is 4/g + 693/5 a prime number?
True
Let c = -34 - -36. Suppose -6*f = -c*f - h - 4808, -4*h = 2*f - 2386. Is f composite?
False
Is (-31 - -30)/((-2)/6598) a composite number?
False
Let u(g) = -48*g**2 + 4*g - 9. Let l be u(4). Let a = l - -2542. Is a a prime number?
False
Suppose -62*b + 81*b = 208202. Is b a composite number?
True
Let v(x) = 6*x**3 + 4*x + 0 - 5*x - 3 + 5*x. Is v(4) a composite number?
False
Suppose 34 = 4*v - 3*z - 38, -18 = -v + 3*z. Let a = v + -26. Let l(h) = 9*h**2 + 9*h + 17. Is l(a) composite?
False
Let c(y) = -22*y + 4. Suppose -l = 16 - 7. Let x be c(l). Suppose -4*m + 178 = -x. Is m prime?
False
Suppose 18*j - 16*j = 8. Suppose 2*t - 4*t + 2653 = 3*m, 1339 = t + j*m. Is t a prime number?
True
Let x be 32/24 + 12/(-9). Let g(y) = 2*y**2 + y + 2099. Is g(x) composite?
False
Suppose 0 = a + 2*a - 4*x - 47, -4*x = a - 5. Suppose 4*p = -5 + a. Suppose -p*z - 2*z - 5*y = -51, 2*y = 5*z - 105. Is z a composite number?
False
Suppose 8 + 4 = -4*q. Let d be (8/q)/(14/(-21)). Let m = 81 - d. Is m a composite number?
True
Suppose -18*j = -19*j + 9. Suppose 4*g - 168 = 2*o -